{"id":387,"date":"2023-04-09T10:31:17","date_gmt":"2023-04-09T08:31:17","guid":{"rendered":"https:\/\/www.au-donau.at\/heimathaus2023\/?page_id=387"},"modified":"2025-02-12T09:21:43","modified_gmt":"2025-02-12T08:21:43","slug":"der-verein","status":"publish","type":"page","link":"https:\/\/www.au-donau.at\/heimathaus\/der-verein\/","title":{"rendered":"Der Verein"},"content":{"rendered":"\t\t<div data-elementor-type=\"wp-page\" data-elementor-id=\"387\" class=\"elementor elementor-387\" data-elementor-post-type=\"page\">\n\t\t\t\t<div class=\"elementor-element elementor-element-ab9e0c1 e-flex e-con-boxed e-con e-parent\" data-id=\"ab9e0c1\" data-element_type=\"container\" data-e-type=\"container\">\n\t\t\t\t\t<div class=\"e-con-inner\">\n\t\t<div class=\"elementor-element elementor-element-053d8e0 e-con-full e-flex e-con e-child\" data-id=\"053d8e0\" data-element_type=\"container\" data-e-type=\"container\">\n\t\t\t\t<div class=\"elementor-element elementor-element-c7f6477 elementor-widget elementor-widget-text-editor\" data-id=\"c7f6477\" data-element_type=\"widget\" data-e-type=\"widget\" data-widget_type=\"text-editor.default\">\n\t\t\t\t<div class=\"elementor-widget-container\">\n\t\t\t\t\t\t\t\t\t<p>Der Kulturverein FORUM NAARN wurde am 30.M\u00e4rz 2012 als politisch unabh\u00e4ngiger Verein gegr\u00fcndet.<\/p><p><b>Zweck des Vereines:<\/b><\/p><p>Pflege des Heimathauses der Marktgemeinde Naarn im Machlande.<br \/>Erhaltung des heimatlichen Kulturgutes.<\/p><p><em><strong>Der Gr\u00fcndungsvorstand:<\/strong><\/em><\/p><p>Obfrau: Annemarie Auer<br \/>Obfraustellvertreter: Vbgm. Martin Gaisberger<br \/>Obfraustellvertreter: Christoph Steinkellner<br \/>Schriftf\u00fchrer: Franz Bauer<br \/>Schriftf\u00fchrerstellvertreterin: Manuela Aichinger<br \/>Kassier: Max Mairhofer<br \/>Kassierstellvertreter: Josef Lettner<\/p>\t\t\t\t\t\t\t\t<\/div>\n\t\t\t\t<\/div>\n\t\t\t\t<\/div>\n\t\t<div class=\"elementor-element elementor-element-89f11e4 e-con-full e-flex e-con e-child\" data-id=\"89f11e4\" data-element_type=\"container\" data-e-type=\"container\">\n\t\t\t\t<div class=\"elementor-element elementor-element-c43b5b3 elementor-widget elementor-widget-image\" data-id=\"c43b5b3\" data-element_type=\"widget\" data-e-type=\"widget\" data-widget_type=\"image.default\">\n\t\t\t\t<div class=\"elementor-widget-container\">\n\t\t\t\t\t\t\t\t\t\t\t\t\t\t\t\t<a href=\"https:\/\/www.au-donau.at\/heimathaus\/wp-content\/uploads\/2023\/04\/309577422_462724735882598_3058085852106214449_n.jpg\" data-elementor-open-lightbox=\"yes\" data-elementor-lightbox-title=\"Kultiurverein Forum Naarn\" data-e-action-hash=\"#elementor-action%3Aaction%3Dlightbox%26settings%3DeyJpZCI6MTI1LCJ1cmwiOiJodHRwczpcL1wvd3d3LmF1LWRvbmF1LmF0XC9oZWltYXRoYXVzXC93cC1jb250ZW50XC91cGxvYWRzXC8yMDIzXC8wNFwvMzA5NTc3NDIyXzQ2MjcyNDczNTg4MjU5OF8zMDU4MDg1ODUyMTA2MjE0NDQ5X24uanBnIn0%3D\">\n\t\t\t\t\t\t\t<img fetchpriority=\"high\" decoding=\"async\" width=\"800\" height=\"373\" src=\"https:\/\/www.au-donau.at\/heimathaus\/wp-content\/uploads\/2023\/04\/309577422_462724735882598_3058085852106214449_n-1024x478.jpg\" class=\"attachment-large size-large wp-image-125\" alt=\"\" srcset=\"https:\/\/www.au-donau.at\/heimathaus\/wp-content\/uploads\/2023\/04\/309577422_462724735882598_3058085852106214449_n-1024x478.jpg 1024w, https:\/\/www.au-donau.at\/heimathaus\/wp-content\/uploads\/2023\/04\/309577422_462724735882598_3058085852106214449_n-300x140.jpg 300w, https:\/\/www.au-donau.at\/heimathaus\/wp-content\/uploads\/2023\/04\/309577422_462724735882598_3058085852106214449_n-768x358.jpg 768w, https:\/\/www.au-donau.at\/heimathaus\/wp-content\/uploads\/2023\/04\/309577422_462724735882598_3058085852106214449_n-1536x717.jpg 1536w, https:\/\/www.au-donau.at\/heimathaus\/wp-content\/uploads\/2023\/04\/309577422_462724735882598_3058085852106214449_n.jpg 1671w\" sizes=\"(max-width: 800px) 100vw, 800px\" \/>\t\t\t\t\t\t\t\t<\/a>\n\t\t\t\t\t\t\t\t\t\t\t\t\t\t\t<\/div>\n\t\t\t\t<\/div>\n\t\t\t\t<\/div>\n\t\t\t\t\t<\/div>\n\t\t\t\t<\/div>\n\t\t<div class=\"elementor-element elementor-element-2cfa517 e-flex e-con-boxed e-con e-parent\" data-id=\"2cfa517\" data-element_type=\"container\" data-e-type=\"container\">\n\t\t\t\t\t<div class=\"e-con-inner\">\n\t\t\t\t<div class=\"elementor-element elementor-element-e2d49c4 elementor-widget elementor-widget-spacer\" data-id=\"e2d49c4\" data-element_type=\"widget\" data-e-type=\"widget\" data-widget_type=\"spacer.default\">\n\t\t\t\t<div class=\"elementor-widget-container\">\n\t\t\t\t\t\t\t<div class=\"elementor-spacer\">\n\t\t\t<div class=\"elementor-spacer-inner\"><\/div>\n\t\t<\/div>\n\t\t\t\t\t\t<\/div>\n\t\t\t\t<\/div>\n\t\t\t\t\t<\/div>\n\t\t\t\t<\/div>\n\t\t<div class=\"elementor-element elementor-element-39f804a e-flex e-con-boxed e-con e-parent\" data-id=\"39f804a\" data-element_type=\"container\" data-e-type=\"container\">\n\t\t\t\t\t<div class=\"e-con-inner\">\n\t\t\t\t<div class=\"elementor-element elementor-element-5e7c94d elementor-widget elementor-widget-heading\" data-id=\"5e7c94d\" data-element_type=\"widget\" data-e-type=\"widget\" data-widget_type=\"heading.default\">\n\t\t\t\t<div class=\"elementor-widget-container\">\n\t\t\t\t\t<h2 class=\"elementor-heading-title elementor-size-default\">Aktueller Vereinsvorstand<\/h2>\t\t\t\t<\/div>\n\t\t\t\t<\/div>\n\t\t\t\t\t<\/div>\n\t\t\t\t<\/div>\n\t\t<div class=\"elementor-element elementor-element-4b93387 e-flex e-con-boxed e-con e-parent\" data-id=\"4b93387\" data-element_type=\"container\" data-e-type=\"container\">\n\t\t\t\t\t<div class=\"e-con-inner\">\n\t\t<div class=\"elementor-element elementor-element-750a161 e-con-full e-flex e-con e-child\" data-id=\"750a161\" data-element_type=\"container\" data-e-type=\"container\">\n\t\t\t\t<div class=\"elementor-element elementor-element-f461d03 elementor-invisible elementor-widget elementor-widget-image\" data-id=\"f461d03\" data-element_type=\"widget\" data-e-type=\"widget\" data-settings=\"{&quot;_animation&quot;:&quot;zoomIn&quot;}\" data-widget_type=\"image.default\">\n\t\t\t\t<div class=\"elementor-widget-container\">\n\t\t\t\t\t\t\t\t\t\t\t\t<figure class=\"wp-caption\">\n\t\t\t\t\t\t\t\t\t\t\t<a href=\"https:\/\/www.au-donau.at\/heimathaus\/wp-content\/uploads\/2024\/05\/KFN_Vorstand1-scaled.jpg\" data-elementor-open-lightbox=\"yes\" data-elementor-lightbox-title=\"KFN_Vorstand1\" data-e-action-hash=\"#elementor-action%3Aaction%3Dlightbox%26settings%3DeyJpZCI6MjA2MiwidXJsIjoiaHR0cHM6XC9cL3d3dy5hdS1kb25hdS5hdFwvaGVpbWF0aGF1c1wvd3AtY29udGVudFwvdXBsb2Fkc1wvMjAyNFwvMDVcL0tGTl9Wb3JzdGFuZDEtc2NhbGVkLmpwZyJ9\">\n\t\t\t\t\t\t\t<img decoding=\"async\" width=\"800\" height=\"534\" src=\"https:\/\/www.au-donau.at\/heimathaus\/wp-content\/uploads\/2024\/05\/KFN_Vorstand1-1024x683.jpg\" class=\"attachment-large size-large wp-image-2062\" alt=\"\" srcset=\"https:\/\/www.au-donau.at\/heimathaus\/wp-content\/uploads\/2024\/05\/KFN_Vorstand1-1024x683.jpg 1024w, https:\/\/www.au-donau.at\/heimathaus\/wp-content\/uploads\/2024\/05\/KFN_Vorstand1-300x200.jpg 300w, https:\/\/www.au-donau.at\/heimathaus\/wp-content\/uploads\/2024\/05\/KFN_Vorstand1-768x512.jpg 768w, https:\/\/www.au-donau.at\/heimathaus\/wp-content\/uploads\/2024\/05\/KFN_Vorstand1-1536x1024.jpg 1536w, https:\/\/www.au-donau.at\/heimathaus\/wp-content\/uploads\/2024\/05\/KFN_Vorstand1-2048x1365.jpg 2048w\" sizes=\"(max-width: 800px) 100vw, 800px\" \/>\t\t\t\t\t\t\t\t<\/a>\n\t\t\t\t\t\t\t\t\t\t\t<figcaption class=\"widget-image-caption wp-caption-text\">v.l.n.r.: Christian Kloibhofer, Anita Walch, Katharina Lambauer, Harald Lambauer, Manuela Aichinger, Josef Lindenhofer<\/figcaption>\n\t\t\t\t\t\t\t\t\t\t<\/figure>\n\t\t\t\t\t\t\t\t\t<\/div>\n\t\t\t\t<\/div>\n\t\t\t\t<\/div>\n\t\t<div class=\"elementor-element elementor-element-67c7d4b e-con-full e-flex e-con e-child\" data-id=\"67c7d4b\" data-element_type=\"container\" data-e-type=\"container\">\n\t\t\t\t<div class=\"elementor-element elementor-element-fd6299d elementor-widget elementor-widget-text-editor\" data-id=\"fd6299d\" data-element_type=\"widget\" data-e-type=\"widget\" data-widget_type=\"text-editor.default\">\n\t\t\t\t<div class=\"elementor-widget-container\">\n\t\t\t\t\t\t\t\t\t<p><strong>Aktueller Vereinsvorstand<\/strong><\/p><p>Obmann:\u00a0 \u00a0Harald Lambauer<\/p><p>Obmann-Stv.:\u00a0 \u00a0 Josef Lindenhofer<\/p><p>KassierIn:\u00a0 \u00a0Katharina Lambauer<\/p><p>KassierIn-Stv:\u00a0 \u00a0Christian Kloibhofer<\/p><p>Schriftf\u00fchrerin:\u00a0 \u00a0Anita Walch<\/p><p>Schriftf\u00fchrer-Stv.:\u00a0 \u00a0Manuela Aichinger\u00a0<\/p>\t\t\t\t\t\t\t\t<\/div>\n\t\t\t\t<\/div>\n\t\t\t\t<\/div>\n\t\t\t\t\t<\/div>\n\t\t\t\t<\/div>\n\t\t<div class=\"elementor-element elementor-element-950181e e-flex e-con-boxed e-con e-parent\" data-id=\"950181e\" data-element_type=\"container\" data-e-type=\"container\">\n\t\t\t\t\t<div class=\"e-con-inner\">\n\t\t\t\t<div class=\"elementor-element elementor-element-d7da2d8 elementor-widget elementor-widget-spacer\" data-id=\"d7da2d8\" data-element_type=\"widget\" data-e-type=\"widget\" data-widget_type=\"spacer.default\">\n\t\t\t\t<div class=\"elementor-widget-container\">\n\t\t\t\t\t\t\t<div class=\"elementor-spacer\">\n\t\t\t<div class=\"elementor-spacer-inner\"><\/div>\n\t\t<\/div>\n\t\t\t\t\t\t<\/div>\n\t\t\t\t<\/div>\n\t\t\t\t\t<\/div>\n\t\t\t\t<\/div>\n\t\t<div class=\"elementor-element elementor-element-1923c16 e-flex e-con-boxed e-con e-parent\" data-id=\"1923c16\" data-element_type=\"container\" data-e-type=\"container\">\n\t\t\t\t\t<div class=\"e-con-inner\">\n\t\t\t\t<div class=\"elementor-element elementor-element-6b53051 elementor-widget__width-inherit elementor-widget elementor-widget-heading\" data-id=\"6b53051\" data-element_type=\"widget\" data-e-type=\"widget\" data-widget_type=\"heading.default\">\n\t\t\t\t<div class=\"elementor-widget-container\">\n\t\t\t\t\t<h2 class=\"elementor-heading-title elementor-size-default\">Mitglied werden<\/h2>\t\t\t\t<\/div>\n\t\t\t\t<\/div>\n\t\t\t\t\t<\/div>\n\t\t\t\t<\/div>\n\t\t<div class=\"elementor-element elementor-element-6b99c3a e-flex e-con-boxed e-con e-parent\" data-id=\"6b99c3a\" data-element_type=\"container\" data-e-type=\"container\">\n\t\t\t\t\t<div class=\"e-con-inner\">\n\t\t<div class=\"elementor-element elementor-element-fd3f05d e-con-full e-flex e-con e-child\" data-id=\"fd3f05d\" data-element_type=\"container\" data-e-type=\"container\">\n\t\t\t\t<div class=\"elementor-element elementor-element-264c47d elementor-widget__width-inherit elementor-widget elementor-widget-text-editor\" data-id=\"264c47d\" data-element_type=\"widget\" data-e-type=\"widget\" data-widget_type=\"text-editor.default\">\n\t\t\t\t<div class=\"elementor-widget-container\">\n\t\t\t\t\t\t\t\t\t<p style=\"text-align: center;\">Werden Sie Mitglied im Kulturverein FORUM NAARN und unterst\u00fctzen Sie den Verein.\u00a0Mit 12 EURO im Jahr helfen Sie ein Kulturgut unserer Heimat zu erhalten. Eine Beitrittserkl\u00e4rung erhalten Sie bei einem der Vorstandsmitglieder oder als pdf-Datei zum downloaden:\u00a0<\/p><p style=\"text-align: center;\"><a href=\"https:\/\/www.au-donau.at\/heimathaus\/wp-content\/uploads\/2024\/05\/Beitrittserklaerung-neu-ab-2024.pdf\" target=\"_blank\" rel=\"noreferrer noopener\" data-type=\"attachment\" data-id=\"2888\">Beitrittserkl\u00e4rung Kulturverein \u201eForum Naarn<\/a><a href=\"https:\/\/www.au-donau.at\/heimathaus\/wp-content\/uploads\/2023\/01\/Beitrittserklaerung_KFN_2023korrigiert.pdf\" target=\"_blank\" rel=\"noreferrer noopener\">\u201e<\/a>\u00a0(pdf-Datei)<\/p>\t\t\t\t\t\t\t\t<\/div>\n\t\t\t\t<\/div>\n\t\t\t\t<\/div>\n\t\t\t\t\t<\/div>\n\t\t\t\t<\/div>\n\t\t<div class=\"elementor-element elementor-element-1901c37 e-flex e-con-boxed e-con e-parent\" data-id=\"1901c37\" data-element_type=\"container\" data-e-type=\"container\">\n\t\t\t\t\t<div class=\"e-con-inner\">\n\t\t<div class=\"elementor-element elementor-element-6716e9f e-con-full e-flex e-con e-child\" data-id=\"6716e9f\" data-element_type=\"container\" data-e-type=\"container\">\n\t\t\t\t<div class=\"elementor-element elementor-element-e1471d3 elementor-widget elementor-widget-text-editor\" data-id=\"e1471d3\" data-element_type=\"widget\" data-e-type=\"widget\" data-widget_type=\"text-editor.default\">\n\t\t\t\t<div class=\"elementor-widget-container\">\n\t\t\t\t\t\t\t\t\t<p style=\"text-align: center;\">Sie brauchen das Formular nur mehr ausgef\u00fcllt bei einem unserer Vorstandsmitglieder abgeben. Weitere Info\u00b4s zur Mitgliedschaft erhalten Sie beim Obmann oder seinem Stellvertreter.<\/p>\t\t\t\t\t\t\t\t<\/div>\n\t\t\t\t<\/div>\n\t\t\t\t<div class=\"elementor-element elementor-element-7d9fda3 elementor-align-center elementor-widget elementor-widget-button\" data-id=\"7d9fda3\" data-element_type=\"widget\" data-e-type=\"widget\" data-widget_type=\"button.default\">\n\t\t\t\t<div class=\"elementor-widget-container\">\n\t\t\t\t\t\t\t\t\t<div class=\"elementor-button-wrapper\">\n\t\t\t\t\t<a class=\"elementor-button elementor-button-link elementor-size-sm\" href=\"https:\/\/www.au-donau.at\/heimathaus\/?page_id=375\">\n\t\t\t\t\t\t<span class=\"elementor-button-content-wrapper\">\n\t\t\t\t\t\t\t\t\t<span class=\"elementor-button-text\">Zur Kontaktseite<\/span>\n\t\t\t\t\t<\/span>\n\t\t\t\t\t<\/a>\n\t\t\t\t<\/div>\n\t\t\t\t\t\t\t\t<\/div>\n\t\t\t\t<\/div>\n\t\t\t\t<\/div>\n\t\t<div class=\"elementor-element elementor-element-32a01b6 e-con-full e-flex e-con e-child\" data-id=\"32a01b6\" data-element_type=\"container\" data-e-type=\"container\">\n\t\t\t\t<div class=\"elementor-element elementor-element-753e649 elementor-widget elementor-widget-image\" data-id=\"753e649\" data-element_type=\"widget\" data-e-type=\"widget\" data-widget_type=\"image.default\">\n\t\t\t\t<div class=\"elementor-widget-container\">\n\t\t\t\t\t\t\t\t\t\t\t\t\t\t\t\t<a href=\"https:\/\/www.au-donau.at\/heimathaus\/wp-content\/uploads\/2024\/05\/Beitrittserklaerung-neu-ab-2024-scaled.jpg\" data-elementor-open-lightbox=\"yes\" data-elementor-lightbox-title=\"Beitrittserkl\u00e4rung neu ab 2024\" data-e-action-hash=\"#elementor-action%3Aaction%3Dlightbox%26settings%3DeyJpZCI6MjA3MSwidXJsIjoiaHR0cHM6XC9cL3d3dy5hdS1kb25hdS5hdFwvaGVpbWF0aGF1c1wvd3AtY29udGVudFwvdXBsb2Fkc1wvMjAyNFwvMDVcL0JlaXRyaXR0c2Vya2xhZXJ1bmctbmV1LWFiLTIwMjQtc2NhbGVkLmpwZyJ9\">\n\t\t\t\t\t\t\t<img decoding=\"async\" width=\"212\" height=\"300\" src=\"https:\/\/www.au-donau.at\/heimathaus\/wp-content\/uploads\/2024\/05\/Beitrittserklaerung-neu-ab-2024-212x300.jpg\" class=\"attachment-medium size-medium wp-image-2071\" alt=\"\" srcset=\"https:\/\/www.au-donau.at\/heimathaus\/wp-content\/uploads\/2024\/05\/Beitrittserklaerung-neu-ab-2024-212x300.jpg 212w, https:\/\/www.au-donau.at\/heimathaus\/wp-content\/uploads\/2024\/05\/Beitrittserklaerung-neu-ab-2024-724x1024.jpg 724w, https:\/\/www.au-donau.at\/heimathaus\/wp-content\/uploads\/2024\/05\/Beitrittserklaerung-neu-ab-2024-768x1086.jpg 768w, https:\/\/www.au-donau.at\/heimathaus\/wp-content\/uploads\/2024\/05\/Beitrittserklaerung-neu-ab-2024-1086x1536.jpg 1086w, https:\/\/www.au-donau.at\/heimathaus\/wp-content\/uploads\/2024\/05\/Beitrittserklaerung-neu-ab-2024-1448x2048.jpg 1448w, https:\/\/www.au-donau.at\/heimathaus\/wp-content\/uploads\/2024\/05\/Beitrittserklaerung-neu-ab-2024-scaled.jpg 1811w\" sizes=\"(max-width: 212px) 100vw, 212px\" \/>\t\t\t\t\t\t\t\t<\/a>\n\t\t\t\t\t\t\t\t\t\t\t\t\t\t\t<\/div>\n\t\t\t\t<\/div>\n\t\t\t\t<\/div>\n\t\t\t\t\t<\/div>\n\t\t\t\t<\/div>\n\t\t<div class=\"elementor-element elementor-element-a85a0e8 e-flex e-con-boxed e-con e-parent\" data-id=\"a85a0e8\" data-element_type=\"container\" data-e-type=\"container\">\n\t\t\t\t\t<div class=\"e-con-inner\">\n\t\t\t\t<div class=\"elementor-element elementor-element-2a5b91e elementor-widget__width-initial elementor-widget elementor-widget-image\" data-id=\"2a5b91e\" data-element_type=\"widget\" data-e-type=\"widget\" data-widget_type=\"image.default\">\n\t\t\t\t<div class=\"elementor-widget-container\">\n\t\t\t\t\t\t\t\t\t\t\t\t\t\t\t\t<a href=\"https:\/\/www.au-donau.at\/heimathaus\/wp-content\/uploads\/2024\/05\/SEPA_Lastschrift-Mandat_2024-scaled.jpg\" data-elementor-open-lightbox=\"yes\" data-elementor-lightbox-title=\"SEPA_Lastschrift-Mandat_2024\" data-e-action-hash=\"#elementor-action%3Aaction%3Dlightbox%26settings%3DeyJpZCI6MjA3OCwidXJsIjoiaHR0cHM6XC9cL3d3dy5hdS1kb25hdS5hdFwvaGVpbWF0aGF1c1wvd3AtY29udGVudFwvdXBsb2Fkc1wvMjAyNFwvMDVcL1NFUEFfTGFzdHNjaHJpZnQtTWFuZGF0XzIwMjQtc2NhbGVkLmpwZyJ9\">\n\t\t\t\t\t\t\t<img loading=\"lazy\" decoding=\"async\" width=\"212\" height=\"300\" src=\"https:\/\/www.au-donau.at\/heimathaus\/wp-content\/uploads\/2024\/05\/SEPA_Lastschrift-Mandat_2024-212x300.jpg\" class=\"attachment-medium size-medium wp-image-2078\" alt=\"\" srcset=\"https:\/\/www.au-donau.at\/heimathaus\/wp-content\/uploads\/2024\/05\/SEPA_Lastschrift-Mandat_2024-212x300.jpg 212w, https:\/\/www.au-donau.at\/heimathaus\/wp-content\/uploads\/2024\/05\/SEPA_Lastschrift-Mandat_2024-724x1024.jpg 724w, https:\/\/www.au-donau.at\/heimathaus\/wp-content\/uploads\/2024\/05\/SEPA_Lastschrift-Mandat_2024-768x1086.jpg 768w, https:\/\/www.au-donau.at\/heimathaus\/wp-content\/uploads\/2024\/05\/SEPA_Lastschrift-Mandat_2024-1086x1536.jpg 1086w, https:\/\/www.au-donau.at\/heimathaus\/wp-content\/uploads\/2024\/05\/SEPA_Lastschrift-Mandat_2024-1448x2048.jpg 1448w, https:\/\/www.au-donau.at\/heimathaus\/wp-content\/uploads\/2024\/05\/SEPA_Lastschrift-Mandat_2024-scaled.jpg 1811w\" sizes=\"(max-width: 212px) 100vw, 212px\" \/>\t\t\t\t\t\t\t\t<\/a>\n\t\t\t\t\t\t\t\t\t\t\t\t\t\t\t<\/div>\n\t\t\t\t<\/div>\n\t\t<div class=\"elementor-element elementor-element-4d4b298 e-con-full e-flex e-con e-child\" data-id=\"4d4b298\" data-element_type=\"container\" data-e-type=\"container\">\n\t\t\t\t<div class=\"elementor-element elementor-element-7d2958e elementor-widget elementor-widget-text-editor\" data-id=\"7d2958e\" data-element_type=\"widget\" data-e-type=\"widget\" data-widget_type=\"text-editor.default\">\n\t\t\t\t<div class=\"elementor-widget-container\">\n\t\t\t\t\t\t\t\t\t<p style=\"text-align: center;\">Desweiteren bitten wir Sie um die Erteilung einer Einzugserm\u00e4chtigung f\u00fcr den Mitgliedsbeitrag unseres Vereines. Das daf\u00fcr ben\u00f6tigte Sepa-Formular gibt es hier als pdf-Dateim zum downloaden:<\/p><p style=\"text-align: center;\"><a href=\"https:\/\/www.au-donau.at\/heimathaus\/wp-content\/uploads\/2024\/05\/SEPA_Lastschrift-Mandat_2024.pdf\" target=\"_blank\" rel=\"noopener\">Sepa-Formular als pdf-Datei<\/a><\/p>\t\t\t\t\t\t\t\t<\/div>\n\t\t\t\t<\/div>\n\t\t\t\t<div class=\"elementor-element elementor-element-bfae904 elementor-align-center elementor-widget elementor-widget-button\" data-id=\"bfae904\" data-element_type=\"widget\" data-e-type=\"widget\" data-widget_type=\"button.default\">\n\t\t\t\t<div class=\"elementor-widget-container\">\n\t\t\t\t\t\t\t\t\t<div class=\"elementor-button-wrapper\">\n\t\t\t\t\t<a class=\"elementor-button elementor-button-link elementor-size-sm\" href=\"https:\/\/www.au-donau.at\/heimathaus\/?page_id=375\">\n\t\t\t\t\t\t<span class=\"elementor-button-content-wrapper\">\n\t\t\t\t\t\t\t\t\t<span class=\"elementor-button-text\">Zur Kontaktseite<\/span>\n\t\t\t\t\t<\/span>\n\t\t\t\t\t<\/a>\n\t\t\t\t<\/div>\n\t\t\t\t\t\t\t\t<\/div>\n\t\t\t\t<\/div>\n\t\t\t\t<\/div>\n\t\t\t\t\t<\/div>\n\t\t\t\t<\/div>\n\t\t\t\t<\/div>\n\t\t","protected":false},"excerpt":{"rendered":"<p>Der Kulturverein FORUM NAARN wurde am 30.M\u00e4rz 2012 als politisch unabh\u00e4ngiger Verein gegr\u00fcndet. Zweck des Vereines: Pflege des Heimathauses der Marktgemeinde Naarn im Machlande.Erhaltung des heimatlichen Kulturgutes. Der Gr\u00fcndungsvorstand: Obfrau: Annemarie AuerObfraustellvertreter: Vbgm. Martin GaisbergerObfraustellvertreter: Christoph SteinkellnerSchriftf\u00fchrer: Franz BauerSchriftf\u00fchrerstellvertreterin: Manuela AichingerKassier: Max MairhoferKassierstellvertreter: Josef Lettner Aktueller Vereinsvorstand v.l.n.r.: Christian Kloibhofer, Anita Walch, Katharina Lambauer, Harald [&hellip;]<\/p>\n","protected":false},"author":1,"featured_media":0,"parent":0,"menu_order":0,"comment_status":"closed","ping_status":"closed","template":"","meta":{"footnotes":""},"class_list":["post-387","page","type-page","status-publish","hentry"],"_links":{"self":[{"href":"https:\/\/www.au-donau.at\/heimathaus\/wp-json\/wp\/v2\/pages\/387","targetHints":{"allow":["GET"]}}],"collection":[{"href":"https:\/\/www.au-donau.at\/heimathaus\/wp-json\/wp\/v2\/pages"}],"about":[{"href":"https:\/\/www.au-donau.at\/heimathaus\/wp-json\/wp\/v2\/types\/page"}],"author":[{"embeddable":true,"href":"https:\/\/www.au-donau.at\/heimathaus\/wp-json\/wp\/v2\/users\/1"}],"replies":[{"embeddable":true,"href":"https:\/\/www.au-donau.at\/heimathaus\/wp-json\/wp\/v2\/comments?post=387"}],"version-history":[{"count":96,"href":"https:\/\/www.au-donau.at\/heimathaus\/wp-json\/wp\/v2\/pages\/387\/revisions"}],"predecessor-version":[{"id":2549,"href":"https:\/\/www.au-donau.at\/heimathaus\/wp-json\/wp\/v2\/pages\/387\/revisions\/2549"}],"wp:attachment":[{"href":"https:\/\/www.au-donau.at\/heimathaus\/wp-json\/wp\/v2\/media?parent=387"}],"curies":[{"name":"wp","href":"https:\/\/api.w.org\/{rel}","templated":true}]}}