{"id":312,"date":"2023-04-08T19:24:19","date_gmt":"2023-04-08T17:24:19","guid":{"rendered":"https:\/\/www.au-donau.at\/heimathaus2023\/?page_id=312"},"modified":"2026-04-27T21:16:02","modified_gmt":"2026-04-27T19:16:02","slug":"startseite","status":"publish","type":"page","link":"https:\/\/www.au-donau.at\/heimathaus\/","title":{"rendered":"Startseite"},"content":{"rendered":"\t\t<div data-elementor-type=\"wp-page\" data-elementor-id=\"312\" class=\"elementor elementor-312\" data-elementor-post-type=\"page\">\n\t\t\t\t<div class=\"elementor-element elementor-element-ff88171 e-flex e-con-boxed e-con e-parent\" data-id=\"ff88171\" data-element_type=\"container\" data-e-type=\"container\">\n\t\t\t\t\t<div class=\"e-con-inner\">\n\t\t\t\t<div class=\"elementor-element elementor-element-b21e6f0 animated-slow elementor-invisible elementor-widget elementor-widget-heading\" data-id=\"b21e6f0\" data-element_type=\"widget\" data-e-type=\"widget\" data-settings=\"{&quot;_animation&quot;:&quot;fadeIn&quot;}\" data-widget_type=\"heading.default\">\n\t\t\t\t<div class=\"elementor-widget-container\">\n\t\t\t\t\t<h1 class=\"elementor-heading-title elementor-size-small\">Heimathaus Naarn<\/h1>\t\t\t\t<\/div>\n\t\t\t\t<\/div>\n\t\t\t\t<div class=\"elementor-element elementor-element-e52454d elementor-widget elementor-widget-text-editor\" data-id=\"e52454d\" data-element_type=\"widget\" data-e-type=\"widget\" data-widget_type=\"text-editor.default\">\n\t\t\t\t<div class=\"elementor-widget-container\">\n\t\t\t\t\t\t\t\t\t<p>\u00a0im Machlande<\/p>\t\t\t\t\t\t\t\t<\/div>\n\t\t\t\t<\/div>\n\t\t\t\t\t<\/div>\n\t\t\t\t<\/div>\n\t\t<div class=\"elementor-element elementor-element-e3d3e6d e-con-full e-flex e-con e-parent\" data-id=\"e3d3e6d\" data-element_type=\"container\" data-e-type=\"container\" data-settings=\"{&quot;background_background&quot;:&quot;classic&quot;}\">\n\t\t\t\t<div class=\"elementor-element elementor-element-73cec4e elementor-widget elementor-widget-heading\" data-id=\"73cec4e\" data-element_type=\"widget\" data-e-type=\"widget\" data-widget_type=\"heading.default\">\n\t\t\t\t<div class=\"elementor-widget-container\">\n\t\t\t\t\t<h2 class=\"elementor-heading-title elementor-size-default\">Das Haus<\/h2>\t\t\t\t<\/div>\n\t\t\t\t<\/div>\n\t\t\t\t<\/div>\n\t\t<div class=\"elementor-element elementor-element-064821b e-con-full e-flex e-con e-parent\" data-id=\"064821b\" data-element_type=\"container\" data-e-type=\"container\">\n\t\t<div class=\"elementor-element elementor-element-3a6649d e-con-full e-flex e-con e-child\" data-id=\"3a6649d\" data-element_type=\"container\" data-e-type=\"container\">\n\t\t\t\t<div class=\"elementor-element elementor-element-515fd09 elementor-invisible elementor-widget elementor-widget-image\" data-id=\"515fd09\" data-element_type=\"widget\" data-e-type=\"widget\" data-settings=\"{&quot;_animation&quot;:&quot;zoomIn&quot;}\" data-widget_type=\"image.default\">\n\t\t\t\t<div class=\"elementor-widget-container\">\n\t\t\t\t\t\t\t\t\t\t\t\t\t\t\t<img fetchpriority=\"high\" decoding=\"async\" width=\"800\" height=\"526\" src=\"https:\/\/www.au-donau.at\/heimathaus\/wp-content\/uploads\/2023\/04\/IMG_0367-1024x673.jpg\" class=\"attachment-large size-large wp-image-319\" alt=\"\" srcset=\"https:\/\/www.au-donau.at\/heimathaus\/wp-content\/uploads\/2023\/04\/IMG_0367-1024x673.jpg 1024w, https:\/\/www.au-donau.at\/heimathaus\/wp-content\/uploads\/2023\/04\/IMG_0367-300x197.jpg 300w, https:\/\/www.au-donau.at\/heimathaus\/wp-content\/uploads\/2023\/04\/IMG_0367-768x504.jpg 768w, https:\/\/www.au-donau.at\/heimathaus\/wp-content\/uploads\/2023\/04\/IMG_0367-1536x1009.jpg 1536w, https:\/\/www.au-donau.at\/heimathaus\/wp-content\/uploads\/2023\/04\/IMG_0367.jpg 2048w\" sizes=\"(max-width: 800px) 100vw, 800px\" \/>\t\t\t\t\t\t\t\t\t\t\t\t\t\t\t<\/div>\n\t\t\t\t<\/div>\n\t\t\t\t<\/div>\n\t\t<div class=\"elementor-element elementor-element-aad84d2 e-con-full e-flex e-con e-child\" data-id=\"aad84d2\" data-element_type=\"container\" data-e-type=\"container\">\n\t\t\t\t<div class=\"elementor-element elementor-element-f8379d9 elementor-widget elementor-widget-text-editor\" data-id=\"f8379d9\" data-element_type=\"widget\" data-e-type=\"widget\" data-widget_type=\"text-editor.default\">\n\t\t\t\t<div class=\"elementor-widget-container\">\n\t\t\t\t\t\t\t\t\t<p>Bereits 1796 wurde der Besitzer des Hauses Oberwagram 14 (Grundherrschaft Windhaag\/P.) \u201eSchrattbau\u00b4rn Peter\u201c, erstmals in der Taufmatrik als \u201eSchiffsknecht und Kleinh\u00e4usler\u201c genannt. Gemeint ist damit der Erbauer des Hauses, Peter Pendlmayr.<\/p><p>1989 wurde das Haus durch die Marktgemeinde Naarn erworben und 1992 mit einer Ausstellung \u00fcber die Holzschwemme und Fl\u00f6sserei er\u00f6ffnet.<\/p><p>\u00a0<\/p>\t\t\t\t\t\t\t\t<\/div>\n\t\t\t\t<\/div>\n\t\t\t\t<div class=\"elementor-element elementor-element-7999db7 elementor-align-center elementor-mobile-align-center elementor-widget elementor-widget-button\" data-id=\"7999db7\" data-element_type=\"widget\" data-e-type=\"widget\" data-widget_type=\"button.default\">\n\t\t\t\t<div class=\"elementor-widget-container\">\n\t\t\t\t\t\t\t\t\t<div class=\"elementor-button-wrapper\">\n\t\t\t\t\t<a class=\"elementor-button elementor-button-link elementor-size-sm\" href=\"https:\/\/www.au-donau.at\/heimathaus\/?page_id=389\">\n\t\t\t\t\t\t<span class=\"elementor-button-content-wrapper\">\n\t\t\t\t\t\t\t\t\t<span class=\"elementor-button-text\">Mehr erfahren...<\/span>\n\t\t\t\t\t<\/span>\n\t\t\t\t\t<\/a>\n\t\t\t\t<\/div>\n\t\t\t\t\t\t\t\t<\/div>\n\t\t\t\t<\/div>\n\t\t\t\t<\/div>\n\t\t\t\t<\/div>\n\t\t<div class=\"elementor-element elementor-element-5ddc5b0 e-con-full e-flex e-con e-parent\" data-id=\"5ddc5b0\" data-element_type=\"container\" data-e-type=\"container\" data-settings=\"{&quot;background_background&quot;:&quot;classic&quot;}\">\n\t\t\t\t<div class=\"elementor-element elementor-element-c145ff7 elementor-widget elementor-widget-heading\" data-id=\"c145ff7\" data-element_type=\"widget\" data-e-type=\"widget\" data-widget_type=\"heading.default\">\n\t\t\t\t<div class=\"elementor-widget-container\">\n\t\t\t\t\t<h2 class=\"elementor-heading-title elementor-size-default\">Der Verein<\/h2>\t\t\t\t<\/div>\n\t\t\t\t<\/div>\n\t\t\t\t<\/div>\n\t\t<div class=\"elementor-element elementor-element-6e21c87 e-con-full e-flex e-con e-parent\" data-id=\"6e21c87\" data-element_type=\"container\" data-e-type=\"container\">\n\t\t<div class=\"elementor-element elementor-element-8f81587 e-con-full e-flex e-con e-child\" data-id=\"8f81587\" data-element_type=\"container\" data-e-type=\"container\">\n\t\t\t\t<div class=\"elementor-element elementor-element-f8501a9 elementor-widget elementor-widget-text-editor\" data-id=\"f8501a9\" data-element_type=\"widget\" data-e-type=\"widget\" data-widget_type=\"text-editor.default\">\n\t\t\t\t<div class=\"elementor-widget-container\">\n\t\t\t\t\t\t\t\t\t<p>Im Jahr 2012 wurde der Verein &#8222;FORUM Naarn&#8220; gegr\u00fcndet. Ziel und Aufgabe des Vereins ist es, das Heimathaus und Kulturgut zu erhalten.<\/p>\t\t\t\t\t\t\t\t<\/div>\n\t\t\t\t<\/div>\n\t\t\t\t<div class=\"elementor-element elementor-element-2317653 elementor-align-center elementor-widget elementor-widget-button\" data-id=\"2317653\" data-element_type=\"widget\" data-e-type=\"widget\" data-widget_type=\"button.default\">\n\t\t\t\t<div class=\"elementor-widget-container\">\n\t\t\t\t\t\t\t\t\t<div class=\"elementor-button-wrapper\">\n\t\t\t\t\t<a class=\"elementor-button elementor-button-link elementor-size-sm\" href=\"https:\/\/www.au-donau.at\/heimathaus\/?page_id=389\">\n\t\t\t\t\t\t<span class=\"elementor-button-content-wrapper\">\n\t\t\t\t\t\t\t\t\t<span class=\"elementor-button-text\">Mehr erfahren...<\/span>\n\t\t\t\t\t<\/span>\n\t\t\t\t\t<\/a>\n\t\t\t\t<\/div>\n\t\t\t\t\t\t\t\t<\/div>\n\t\t\t\t<\/div>\n\t\t\t\t<\/div>\n\t\t<div class=\"elementor-element elementor-element-7567d72 e-con-full e-flex e-con e-child\" data-id=\"7567d72\" data-element_type=\"container\" data-e-type=\"container\">\n\t\t\t\t<div class=\"elementor-element elementor-element-ede0aad elementor-widget elementor-widget-image\" data-id=\"ede0aad\" data-element_type=\"widget\" data-e-type=\"widget\" data-widget_type=\"image.default\">\n\t\t\t\t<div class=\"elementor-widget-container\">\n\t\t\t\t\t\t\t\t\t\t\t\t\t\t\t<img decoding=\"async\" width=\"300\" height=\"140\" src=\"https:\/\/www.au-donau.at\/heimathaus\/wp-content\/uploads\/2023\/04\/309577422_462724735882598_3058085852106214449_n-300x140.jpg\" class=\"attachment-medium size-medium wp-image-125\" alt=\"\" srcset=\"https:\/\/www.au-donau.at\/heimathaus\/wp-content\/uploads\/2023\/04\/309577422_462724735882598_3058085852106214449_n-300x140.jpg 300w, https:\/\/www.au-donau.at\/heimathaus\/wp-content\/uploads\/2023\/04\/309577422_462724735882598_3058085852106214449_n-1024x478.jpg 1024w, https:\/\/www.au-donau.at\/heimathaus\/wp-content\/uploads\/2023\/04\/309577422_462724735882598_3058085852106214449_n-768x358.jpg 768w, https:\/\/www.au-donau.at\/heimathaus\/wp-content\/uploads\/2023\/04\/309577422_462724735882598_3058085852106214449_n-1536x717.jpg 1536w, https:\/\/www.au-donau.at\/heimathaus\/wp-content\/uploads\/2023\/04\/309577422_462724735882598_3058085852106214449_n.jpg 1671w\" sizes=\"(max-width: 300px) 100vw, 300px\" \/>\t\t\t\t\t\t\t\t\t\t\t\t\t\t\t<\/div>\n\t\t\t\t<\/div>\n\t\t\t\t<\/div>\n\t\t\t\t<\/div>\n\t\t<div class=\"elementor-element elementor-element-16e7d43d e-con-full e-flex e-con e-parent\" data-id=\"16e7d43d\" data-element_type=\"container\" data-e-type=\"container\">\n\t\t\t\t<div class=\"elementor-element elementor-element-5475ef5a elementor-widget__width-inherit elementor-widget elementor-widget-heading\" data-id=\"5475ef5a\" data-element_type=\"widget\" data-e-type=\"widget\" data-widget_type=\"heading.default\">\n\t\t\t\t<div class=\"elementor-widget-container\">\n\t\t\t\t\t<h2 class=\"elementor-heading-title elementor-size-default\">Besichtigen<\/h2>\t\t\t\t<\/div>\n\t\t\t\t<\/div>\n\t\t\t\t<\/div>\n\t\t<div class=\"elementor-element elementor-element-3f59508 e-con-full e-flex e-con e-parent\" data-id=\"3f59508\" data-element_type=\"container\" data-e-type=\"container\">\n\t\t<div class=\"elementor-element elementor-element-a73c83e e-con-full e-flex e-con e-child\" data-id=\"a73c83e\" data-element_type=\"container\" data-e-type=\"container\">\n\t\t\t\t<div class=\"elementor-element elementor-element-698ced5 elementor-invisible elementor-widget elementor-widget-image\" data-id=\"698ced5\" data-element_type=\"widget\" data-e-type=\"widget\" data-settings=\"{&quot;_animation&quot;:&quot;zoomIn&quot;}\" data-widget_type=\"image.default\">\n\t\t\t\t<div class=\"elementor-widget-container\">\n\t\t\t\t\t\t\t\t\t\t\t\t\t\t\t<img decoding=\"async\" width=\"800\" height=\"534\" src=\"https:\/\/www.au-donau.at\/heimathaus\/wp-content\/uploads\/2023\/04\/IMG_0371-1024x683.jpg\" class=\"attachment-large size-large wp-image-346\" alt=\"\" srcset=\"https:\/\/www.au-donau.at\/heimathaus\/wp-content\/uploads\/2023\/04\/IMG_0371-1024x683.jpg 1024w, https:\/\/www.au-donau.at\/heimathaus\/wp-content\/uploads\/2023\/04\/IMG_0371-300x200.jpg 300w, https:\/\/www.au-donau.at\/heimathaus\/wp-content\/uploads\/2023\/04\/IMG_0371-768x512.jpg 768w, https:\/\/www.au-donau.at\/heimathaus\/wp-content\/uploads\/2023\/04\/IMG_0371-1536x1024.jpg 1536w, https:\/\/www.au-donau.at\/heimathaus\/wp-content\/uploads\/2023\/04\/IMG_0371.jpg 2048w\" sizes=\"(max-width: 800px) 100vw, 800px\" \/>\t\t\t\t\t\t\t\t\t\t\t\t\t\t\t<\/div>\n\t\t\t\t<\/div>\n\t\t\t\t<\/div>\n\t\t<div class=\"elementor-element elementor-element-0a29d72 e-con-full e-flex e-con e-child\" data-id=\"0a29d72\" data-element_type=\"container\" data-e-type=\"container\">\n\t\t\t\t<div class=\"elementor-element elementor-element-d0cf4a8 elementor-widget elementor-widget-text-editor\" data-id=\"d0cf4a8\" data-element_type=\"widget\" data-e-type=\"widget\" data-widget_type=\"text-editor.default\">\n\t\t\t\t<div class=\"elementor-widget-container\">\n\t\t\t\t\t\t\t\t\t<p>Eine Besichtigung des Heimathauses und der Ausstellung zur Fl\u00f6sserei und Scheiterschwemme ist von Mai bis September m\u00f6glich.<\/p><p><b>Ge\u00f6ffnet ist nur gegen Voranmeldung!<\/b><\/p>\t\t\t\t\t\t\t\t<\/div>\n\t\t\t\t<\/div>\n\t\t\t\t<div class=\"elementor-element elementor-element-1c82d56 elementor-align-center elementor-widget elementor-widget-button\" data-id=\"1c82d56\" data-element_type=\"widget\" data-e-type=\"widget\" data-widget_type=\"button.default\">\n\t\t\t\t<div class=\"elementor-widget-container\">\n\t\t\t\t\t\t\t\t\t<div class=\"elementor-button-wrapper\">\n\t\t\t\t\t<a class=\"elementor-button elementor-button-link elementor-size-sm\" href=\"https:\/\/www.au-donau.at\/heimathaus\/?page_id=592\">\n\t\t\t\t\t\t<span class=\"elementor-button-content-wrapper\">\n\t\t\t\t\t\t\t\t\t<span class=\"elementor-button-text\">Mehr Info...<\/span>\n\t\t\t\t\t<\/span>\n\t\t\t\t\t<\/a>\n\t\t\t\t<\/div>\n\t\t\t\t\t\t\t\t<\/div>\n\t\t\t\t<\/div>\n\t\t\t\t<\/div>\n\t\t\t\t<\/div>\n\t\t<div class=\"elementor-element elementor-element-7ae55ff e-con-full e-flex e-con e-parent\" data-id=\"7ae55ff\" data-element_type=\"container\" data-e-type=\"container\" data-settings=\"{&quot;background_background&quot;:&quot;classic&quot;}\">\n\t\t\t\t<div class=\"elementor-element elementor-element-3de159e elementor-widget elementor-widget-heading\" data-id=\"3de159e\" data-element_type=\"widget\" data-e-type=\"widget\" data-widget_type=\"heading.default\">\n\t\t\t\t<div class=\"elementor-widget-container\">\n\t\t\t\t\t<h2 class=\"elementor-heading-title elementor-size-default\">R\u00fcckblicke<\/h2>\t\t\t\t<\/div>\n\t\t\t\t<\/div>\n\t\t\t\t<\/div>\n\t\t<div class=\"elementor-element elementor-element-3507037 e-con-full e-flex e-con e-parent\" data-id=\"3507037\" data-element_type=\"container\" data-e-type=\"container\">\n\t\t<div class=\"elementor-element elementor-element-81bc9bb e-con-full e-flex e-con e-child\" data-id=\"81bc9bb\" data-element_type=\"container\" data-e-type=\"container\">\n\t\t\t\t<div class=\"elementor-element elementor-element-6739a86 elementor-posts__hover-none elementor-posts--align-center elementor-grid-3 elementor-grid-tablet-2 elementor-grid-mobile-1 elementor-posts--thumbnail-top elementor-card-shadow-yes elementor-widget elementor-widget-posts\" data-id=\"6739a86\" data-element_type=\"widget\" data-e-type=\"widget\" data-settings=\"{&quot;cards_row_gap&quot;:{&quot;unit&quot;:&quot;px&quot;,&quot;size&quot;:10,&quot;sizes&quot;:[]},&quot;cards_row_gap_mobile&quot;:{&quot;unit&quot;:&quot;px&quot;,&quot;size&quot;:35,&quot;sizes&quot;:[]},&quot;cards_columns&quot;:&quot;3&quot;,&quot;cards_columns_tablet&quot;:&quot;2&quot;,&quot;cards_columns_mobile&quot;:&quot;1&quot;,&quot;cards_row_gap_tablet&quot;:{&quot;unit&quot;:&quot;px&quot;,&quot;size&quot;:&quot;&quot;,&quot;sizes&quot;:[]}}\" data-widget_type=\"posts.cards\">\n\t\t\t\t<div class=\"elementor-widget-container\">\n\t\t\t\t\t\t\t<div class=\"elementor-posts-container elementor-posts elementor-posts--skin-cards elementor-grid\" role=\"list\">\n\t\t\t\t<article class=\"elementor-post elementor-grid-item post-2856 post type-post status-publish format-standard has-post-thumbnail hentry category-rueckblicke\" role=\"listitem\">\n\t\t\t<div class=\"elementor-post__card\">\n\t\t\t\t<a class=\"elementor-post__thumbnail__link\" href=\"https:\/\/www.au-donau.at\/heimathaus\/tag-der-offenen-tuer-2026\/\" tabindex=\"-1\" ><div class=\"elementor-post__thumbnail\"><img loading=\"lazy\" decoding=\"async\" width=\"216\" height=\"300\" src=\"https:\/\/www.au-donau.at\/heimathaus\/wp-content\/uploads\/2026\/04\/img-20260413-wa00021598945020561175771-216x300.jpg\" class=\"attachment-medium size-medium wp-image-2835\" alt=\"\" srcset=\"https:\/\/www.au-donau.at\/heimathaus\/wp-content\/uploads\/2026\/04\/img-20260413-wa00021598945020561175771-216x300.jpg 216w, https:\/\/www.au-donau.at\/heimathaus\/wp-content\/uploads\/2026\/04\/img-20260413-wa00021598945020561175771-737x1024.jpg 737w, https:\/\/www.au-donau.at\/heimathaus\/wp-content\/uploads\/2026\/04\/img-20260413-wa00021598945020561175771-768x1068.jpg 768w, https:\/\/www.au-donau.at\/heimathaus\/wp-content\/uploads\/2026\/04\/img-20260413-wa00021598945020561175771-1105x1536.jpg 1105w, https:\/\/www.au-donau.at\/heimathaus\/wp-content\/uploads\/2026\/04\/img-20260413-wa00021598945020561175771.jpg 1179w\" sizes=\"(max-width: 216px) 100vw, 216px\" \/><\/div><\/a>\n\t\t\t\t<div class=\"elementor-post__text\">\n\t\t\t\t<h3 class=\"elementor-post__title\">\n\t\t\t<a href=\"https:\/\/www.au-donau.at\/heimathaus\/tag-der-offenen-tuer-2026\/\" >\n\t\t\t\tTag der offenen T\u00fcr 2026\t\t\t<\/a>\n\t\t<\/h3>\n\t\t\t\t<div class=\"elementor-post__excerpt\">\n\t\t\t\t\t<\/div>\n\t\t\n\t\t<a class=\"elementor-post__read-more\" href=\"https:\/\/www.au-donau.at\/heimathaus\/tag-der-offenen-tuer-2026\/\" aria-label=\"Read more about Tag der offenen T\u00fcr 2026\" tabindex=\"-1\" >\n\t\t\tWeiterlesen \u00bb\t\t<\/a>\n\n\t\t\t\t<\/div>\n\t\t\t\t<div class=\"elementor-post__meta-data\">\n\t\t\t\t\t<span class=\"elementor-post-date\">\n\t\t\t27. April 2026\t\t<\/span>\n\t\t\t\t<\/div>\n\t\t\t\t\t<\/div>\n\t\t<\/article>\n\t\t\t\t<article class=\"elementor-post elementor-grid-item post-2803 post type-post status-publish format-standard has-post-thumbnail hentry category-rueckblicke\" role=\"listitem\">\n\t\t\t<div class=\"elementor-post__card\">\n\t\t\t\t<a class=\"elementor-post__thumbnail__link\" href=\"https:\/\/www.au-donau.at\/heimathaus\/bericht-zur-jahreshauptversammlung-2025\/\" tabindex=\"-1\" ><div class=\"elementor-post__thumbnail\"><img loading=\"lazy\" decoding=\"async\" width=\"300\" height=\"135\" src=\"https:\/\/www.au-donau.at\/heimathaus\/wp-content\/uploads\/2025\/10\/JHV_2025-5-300x135.jpg\" class=\"attachment-medium size-medium wp-image-2809\" alt=\"\" srcset=\"https:\/\/www.au-donau.at\/heimathaus\/wp-content\/uploads\/2025\/10\/JHV_2025-5-300x135.jpg 300w, https:\/\/www.au-donau.at\/heimathaus\/wp-content\/uploads\/2025\/10\/JHV_2025-5-1024x461.jpg 1024w, https:\/\/www.au-donau.at\/heimathaus\/wp-content\/uploads\/2025\/10\/JHV_2025-5-768x346.jpg 768w, https:\/\/www.au-donau.at\/heimathaus\/wp-content\/uploads\/2025\/10\/JHV_2025-5-1536x692.jpg 1536w, https:\/\/www.au-donau.at\/heimathaus\/wp-content\/uploads\/2025\/10\/JHV_2025-5-2048x922.jpg 2048w\" sizes=\"(max-width: 300px) 100vw, 300px\" \/><\/div><\/a>\n\t\t\t\t<div class=\"elementor-post__text\">\n\t\t\t\t<h3 class=\"elementor-post__title\">\n\t\t\t<a href=\"https:\/\/www.au-donau.at\/heimathaus\/bericht-zur-jahreshauptversammlung-2025\/\" >\n\t\t\t\tBericht zur Jahreshauptversammlung 2025\t\t\t<\/a>\n\t\t<\/h3>\n\t\t\t\t<div class=\"elementor-post__excerpt\">\n\t\t\t<p>Naarn. Im Rahmen der Jahreshauptversammlung des Kulturvereins Forum Naarn<\/p>\n\t\t<\/div>\n\t\t\n\t\t<a class=\"elementor-post__read-more\" href=\"https:\/\/www.au-donau.at\/heimathaus\/bericht-zur-jahreshauptversammlung-2025\/\" aria-label=\"Read more about Bericht zur Jahreshauptversammlung 2025\" tabindex=\"-1\" >\n\t\t\tWeiterlesen \u00bb\t\t<\/a>\n\n\t\t\t\t<\/div>\n\t\t\t\t<div class=\"elementor-post__meta-data\">\n\t\t\t\t\t<span class=\"elementor-post-date\">\n\t\t\t18. Oktober 2025\t\t<\/span>\n\t\t\t\t<\/div>\n\t\t\t\t\t<\/div>\n\t\t<\/article>\n\t\t\t\t<article class=\"elementor-post elementor-grid-item post-2783 post type-post status-publish format-standard has-post-thumbnail hentry category-rueckblicke\" role=\"listitem\">\n\t\t\t<div class=\"elementor-post__card\">\n\t\t\t\t<a class=\"elementor-post__thumbnail__link\" href=\"https:\/\/www.au-donau.at\/heimathaus\/kleidertauschparty\/\" tabindex=\"-1\" ><div class=\"elementor-post__thumbnail\"><img loading=\"lazy\" decoding=\"async\" width=\"300\" height=\"225\" src=\"https:\/\/www.au-donau.at\/heimathaus\/wp-content\/uploads\/2025\/09\/Kleidertauschparty-4-300x225.jpg\" class=\"attachment-medium size-medium wp-image-2788\" alt=\"\" srcset=\"https:\/\/www.au-donau.at\/heimathaus\/wp-content\/uploads\/2025\/09\/Kleidertauschparty-4-300x225.jpg 300w, https:\/\/www.au-donau.at\/heimathaus\/wp-content\/uploads\/2025\/09\/Kleidertauschparty-4-1024x769.jpg 1024w, https:\/\/www.au-donau.at\/heimathaus\/wp-content\/uploads\/2025\/09\/Kleidertauschparty-4-768x576.jpg 768w, https:\/\/www.au-donau.at\/heimathaus\/wp-content\/uploads\/2025\/09\/Kleidertauschparty-4-1536x1153.jpg 1536w, https:\/\/www.au-donau.at\/heimathaus\/wp-content\/uploads\/2025\/09\/Kleidertauschparty-4.jpg 1600w\" sizes=\"(max-width: 300px) 100vw, 300px\" \/><\/div><\/a>\n\t\t\t\t<div class=\"elementor-post__text\">\n\t\t\t\t<h3 class=\"elementor-post__title\">\n\t\t\t<a href=\"https:\/\/www.au-donau.at\/heimathaus\/kleidertauschparty\/\" >\n\t\t\t\tKleidertauschparty\t\t\t<\/a>\n\t\t<\/h3>\n\t\t\t\t<div class=\"elementor-post__excerpt\">\n\t\t\t<p>Am Samstag, 13.09.2025 fand im Heimathaus die erste Kleidertausch-Party<\/p>\n\t\t<\/div>\n\t\t\n\t\t<a class=\"elementor-post__read-more\" href=\"https:\/\/www.au-donau.at\/heimathaus\/kleidertauschparty\/\" aria-label=\"Read more about Kleidertauschparty\" tabindex=\"-1\" >\n\t\t\tWeiterlesen \u00bb\t\t<\/a>\n\n\t\t\t\t<\/div>\n\t\t\t\t<div class=\"elementor-post__meta-data\">\n\t\t\t\t\t<span class=\"elementor-post-date\">\n\t\t\t15. September 2025\t\t<\/span>\n\t\t\t\t<\/div>\n\t\t\t\t\t<\/div>\n\t\t<\/article>\n\t\t\t\t<\/div>\n\t\t\n\t\t\t\t\t\t<\/div>\n\t\t\t\t<\/div>\n\t\t\t\t<div class=\"elementor-element elementor-element-28aecbd elementor-align-center elementor-widget elementor-widget-button\" data-id=\"28aecbd\" data-element_type=\"widget\" data-e-type=\"widget\" data-widget_type=\"button.default\">\n\t\t\t\t<div class=\"elementor-widget-container\">\n\t\t\t\t\t\t\t\t\t<div class=\"elementor-button-wrapper\">\n\t\t\t\t\t<a class=\"elementor-button elementor-button-link elementor-size-sm\" href=\"https:\/\/www.au-donau.at\/heimathaus\/?page_id=1047\">\n\t\t\t\t\t\t<span class=\"elementor-button-content-wrapper\">\n\t\t\t\t\t\t<span class=\"elementor-button-icon\">\n\t\t\t\t<svg aria-hidden=\"true\" class=\"e-font-icon-svg e-far-list-alt\" viewBox=\"0 0 512 512\" xmlns=\"http:\/\/www.w3.org\/2000\/svg\"><path d=\"M464 32H48C21.49 32 0 53.49 0 80v352c0 26.51 21.49 48 48 48h416c26.51 0 48-21.49 48-48V80c0-26.51-21.49-48-48-48zm-6 400H54a6 6 0 0 1-6-6V86a6 6 0 0 1 6-6h404a6 6 0 0 1 6 6v340a6 6 0 0 1-6 6zm-42-92v24c0 6.627-5.373 12-12 12H204c-6.627 0-12-5.373-12-12v-24c0-6.627 5.373-12 12-12h200c6.627 0 12 5.373 12 12zm0-96v24c0 6.627-5.373 12-12 12H204c-6.627 0-12-5.373-12-12v-24c0-6.627 5.373-12 12-12h200c6.627 0 12 5.373 12 12zm0-96v24c0 6.627-5.373 12-12 12H204c-6.627 0-12-5.373-12-12v-24c0-6.627 5.373-12 12-12h200c6.627 0 12 5.373 12 12zm-252 12c0 19.882-16.118 36-36 36s-36-16.118-36-36 16.118-36 36-36 36 16.118 36 36zm0 96c0 19.882-16.118 36-36 36s-36-16.118-36-36 16.118-36 36-36 36 16.118 36 36zm0 96c0 19.882-16.118 36-36 36s-36-16.118-36-36 16.118-36 36-36 36 16.118 36 36z\"><\/path><\/svg>\t\t\t<\/span>\n\t\t\t\t\t\t\t\t\t<span class=\"elementor-button-text\">Zum Archiv<\/span>\n\t\t\t\t\t<\/span>\n\t\t\t\t\t<\/a>\n\t\t\t\t<\/div>\n\t\t\t\t\t\t\t\t<\/div>\n\t\t\t\t<\/div>\n\t\t\t\t<\/div>\n\t\t\t\t<\/div>\n\t\t<div class=\"elementor-element elementor-element-3842348 e-con-full e-flex e-con e-parent\" data-id=\"3842348\" data-element_type=\"container\" data-e-type=\"container\" data-settings=\"{&quot;background_background&quot;:&quot;classic&quot;}\">\n\t\t\t\t<div class=\"elementor-element elementor-element-5510083 elementor-widget elementor-widget-heading\" data-id=\"5510083\" data-element_type=\"widget\" data-e-type=\"widget\" data-widget_type=\"heading.default\">\n\t\t\t\t<div class=\"elementor-widget-container\">\n\t\t\t\t\t<h2 class=\"elementor-heading-title elementor-size-default\">Film von Josef Lichtenberger<\/h2>\t\t\t\t<\/div>\n\t\t\t\t<\/div>\n\t\t\t\t<\/div>\n\t\t<div class=\"elementor-element elementor-element-19f5c14 e-flex e-con-boxed e-con e-parent\" data-id=\"19f5c14\" data-element_type=\"container\" data-e-type=\"container\">\n\t\t\t\t\t<div class=\"e-con-inner\">\n\t\t\t\t<div class=\"elementor-element elementor-element-ced192c elementor-widget__width-inherit elementor-widget elementor-widget-video\" data-id=\"ced192c\" data-element_type=\"widget\" data-e-type=\"widget\" data-settings=\"{&quot;youtube_url&quot;:&quot;https:\\\/\\\/youtu.be\\\/n5tCkdGynkM&quot;,&quot;yt_privacy&quot;:&quot;yes&quot;,&quot;video_type&quot;:&quot;youtube&quot;,&quot;controls&quot;:&quot;yes&quot;}\" data-widget_type=\"video.default\">\n\t\t\t\t<div class=\"elementor-widget-container\">\n\t\t\t\t\t\t\t<div class=\"elementor-wrapper elementor-open-inline\">\n\t\t\t<div class=\"elementor-video\"><\/div>\t\t<\/div>\n\t\t\t\t\t\t<\/div>\n\t\t\t\t<\/div>\n\t\t\t\t\t<\/div>\n\t\t\t\t<\/div>\n\t\t\t\t<\/div>\n\t\t","protected":false},"excerpt":{"rendered":"<p>Heimathaus Naarn \u00a0im Machlande Das Haus Bereits 1796 wurde der Besitzer des Hauses Oberwagram 14 (Grundherrschaft Windhaag\/P.) \u201eSchrattbau\u00b4rn Peter\u201c, erstmals in der Taufmatrik als \u201eSchiffsknecht und Kleinh\u00e4usler\u201c genannt. Gemeint ist damit der Erbauer des Hauses, Peter Pendlmayr. 1989 wurde das Haus durch die Marktgemeinde Naarn erworben und 1992 mit einer Ausstellung \u00fcber die Holzschwemme und [&hellip;]<\/p>\n","protected":false},"author":1,"featured_media":0,"parent":0,"menu_order":0,"comment_status":"closed","ping_status":"closed","template":"","meta":{"footnotes":""},"class_list":["post-312","page","type-page","status-publish","hentry"],"_links":{"self":[{"href":"https:\/\/www.au-donau.at\/heimathaus\/wp-json\/wp\/v2\/pages\/312","targetHints":{"allow":["GET"]}}],"collection":[{"href":"https:\/\/www.au-donau.at\/heimathaus\/wp-json\/wp\/v2\/pages"}],"about":[{"href":"https:\/\/www.au-donau.at\/heimathaus\/wp-json\/wp\/v2\/types\/page"}],"author":[{"embeddable":true,"href":"https:\/\/www.au-donau.at\/heimathaus\/wp-json\/wp\/v2\/users\/1"}],"replies":[{"embeddable":true,"href":"https:\/\/www.au-donau.at\/heimathaus\/wp-json\/wp\/v2\/comments?post=312"}],"version-history":[{"count":360,"href":"https:\/\/www.au-donau.at\/heimathaus\/wp-json\/wp\/v2\/pages\/312\/revisions"}],"predecessor-version":[{"id":2854,"href":"https:\/\/www.au-donau.at\/heimathaus\/wp-json\/wp\/v2\/pages\/312\/revisions\/2854"}],"wp:attachment":[{"href":"https:\/\/www.au-donau.at\/heimathaus\/wp-json\/wp\/v2\/media?parent=312"}],"curies":[{"name":"wp","href":"https:\/\/api.w.org\/{rel}","templated":true}]}}